{"id":1072,"date":"2026-01-12T11:02:16","date_gmt":"2026-01-12T11:02:16","guid":{"rendered":"https:\/\/journalismus.pestalozzi.at\/?page_id=1072"},"modified":"2026-03-10T17:44:16","modified_gmt":"2026-03-10T17:44:16","slug":"die-fuenften-schuljahr-2025-26","status":"publish","type":"page","link":"https:\/\/journalismus.pestalozzi.at\/index.php\/die-fuenften-schuljahr-2025-26\/","title":{"rendered":"Die F\u00fcnften: Schuljahr 2025\/26"},"content":{"rendered":"<p><img loading=\"lazy\" decoding=\"async\" src=\"https:\/\/journalismus.pestalozzi.at\/wp-content\/uploads\/2026\/03\/IMG_9210-300x225.jpeg\" alt=\"\" width=\"300\" height=\"225\" class=\"alignnone size-medium wp-image-1136\" srcset=\"https:\/\/journalismus.pestalozzi.at\/wp-content\/uploads\/2026\/03\/IMG_9210-300x225.jpeg 300w, https:\/\/journalismus.pestalozzi.at\/wp-content\/uploads\/2026\/03\/IMG_9210-1024x768.jpeg 1024w, https:\/\/journalismus.pestalozzi.at\/wp-content\/uploads\/2026\/03\/IMG_9210-768x576.jpeg 768w, https:\/\/journalismus.pestalozzi.at\/wp-content\/uploads\/2026\/03\/IMG_9210-1536x1152.jpeg 1536w, https:\/\/journalismus.pestalozzi.at\/wp-content\/uploads\/2026\/03\/IMG_9210-2048x1536.jpeg 2048w, https:\/\/journalismus.pestalozzi.at\/wp-content\/uploads\/2026\/03\/IMG_9210-1140x855.jpeg 1140w\" sizes=\"(max-width: 300px) 100vw, 300px\" \/><\/p>\n<p>Zwei Freundinnen, ein Herz<br \/>\nVanessa und Tatjana, zwei M\u00e4dchen, die einfach Spa\u00df haben. Ob sie malen, backen oder einfach nur quatschen, sie sind immer dabei. Und wenn sie nicht gerade kreativ sind, dann sind sie wahrscheinlich unterwegs, um die Natur zu genie\u00dfen. Sie lieben es, spazieren zu gehen, egal ob es regnet, schneit oder die Sonne am Himmel strahlt. Vanessas Katze und Tatjanas Katzen sind dabei immer die besten Zuschauer zuhause. Beide haben ein gro\u00dfes Herz f\u00fcr alle Tiere auf der ganzen Welt und unterst\u00fctzen stets da, wo sie k\u00f6nnen. Gerne vertiefen sie sich abends vor dem Schlafen gehen in ihren B\u00fcchern, Vanessa in ihrer Bibel und Tatjana in die Welt der Fantasien. Tatjana ist eine echte Reiseliebhaberin, sie liebt es, neue L\u00e4nder und Kulturen zu entdecken. Vor allem im Sommer bereist sie gerne andere Kontinente und erweitert zugleich ihren Horizont, um nicht in einer kleinen Blase zu verweilen. Vanessa ist auch gerne sportlich unterwegs, sie geht gerne laufen und trainiert \u00f6fters daheim. Es w\u00e4re eine Art Zuflucht, um auf andere Gedanken zu kommen, die sie dazu motiviert ihre Ziele weiter zu verfolgen. Was sie aber wirklich verbindet, ist ihr Sinn f\u00fcr Humor. Lachen ist die beste Medizin zu allem, sagen sie oft.<\/p>\n<p><img loading=\"lazy\" decoding=\"async\" src=\"https:\/\/journalismus.pestalozzi.at\/wp-content\/uploads\/2026\/03\/IMG_9216-300x225.jpeg\" alt=\"\" width=\"300\" height=\"225\" class=\"alignnone size-medium wp-image-1134\" srcset=\"https:\/\/journalismus.pestalozzi.at\/wp-content\/uploads\/2026\/03\/IMG_9216-300x225.jpeg 300w, https:\/\/journalismus.pestalozzi.at\/wp-content\/uploads\/2026\/03\/IMG_9216-1024x768.jpeg 1024w, https:\/\/journalismus.pestalozzi.at\/wp-content\/uploads\/2026\/03\/IMG_9216-768x576.jpeg 768w, https:\/\/journalismus.pestalozzi.at\/wp-content\/uploads\/2026\/03\/IMG_9216-1536x1152.jpeg 1536w, https:\/\/journalismus.pestalozzi.at\/wp-content\/uploads\/2026\/03\/IMG_9216-2048x1536.jpeg 2048w, https:\/\/journalismus.pestalozzi.at\/wp-content\/uploads\/2026\/03\/IMG_9216-1140x855.jpeg 1140w\" sizes=\"(max-width: 300px) 100vw, 300px\" \/><\/p>\n<p>Ein Sprung in die Kindheit<br \/>\n&#8211;\tViki, Angi &#038; Ani<br \/>\nJeder hat fr\u00fcher Kinderserien geschaut und manche tun es heute noch. Bei uns ist das nicht anders und deshalb haben wir dieses Thema gew\u00e4hlt. Wir sind zwar unterschiedlich aber in Kinderserien finden wir unsere Gemeinsamkeiten.<br \/>\nWir verbinden Viki mit der Serie \u201eBibi Blocksberg\u201c da sie gern Neues erlebt, etwas frech ist und oft ins Chaos ger\u00e4t, woraus ihre Mutter sie dann wieder herausholen muss. Auf Viki und Bibi ist dennoch immer Verlass, da sie trotzdem jederzeit f\u00fcr ihre Freunde da sind.<br \/>\nAngi erinnert uns an \u201eZo\u00e9s Zauberschrank\u201c, weil sie eine kreative Person ist, sie sich leicht anpassen kann und viel mit ihren Freunden erlebt. Angi und Zo\u00e9 haben \u00e4hnliche Interessen, auf die Liebe zum Reisen bezogen, wobei sie gerne neue Orte entdecken.<br \/>\nDie Serie \u201eVictorious\u201c passt zu Ani, denn sie ist sehr begeistert von Musik und talentiert im Schauspiel. Au\u00dferdem ist sie, wie Tori, die Protagonistin, im Generellen sehr kreativ und hat immer neue Ideen.  Ani und Tori gehen in fantasievollen Bereichen v\u00f6llig auf und lassen sich davon nicht leicht abbringen.<br \/>\nUns verbinden diese Serien, weil bei allen unter anderem Kreativit\u00e4t im Mittelpunkt steht. Die Hauptcharaktere sind unabh\u00e4ngige, selbstst\u00e4ndige M\u00e4dchen, worin wir unsere Pers\u00f6nlichkeiten wiederfinden k\u00f6nnen. <\/p>\n<p>Make-up im Gesicht &#8211; Nudeln im Herzen<br \/>\nWir sind Marie und Theresa. Uns verbindet sehr viel, vor allem eines: Essen. Besonders gerne m\u00f6gen wir Nudeln, egal ob Penne, Lasagne, Spaghetti oder Rigatoni-Hauptsache Pasta. Wenn wir zusammen sind und etwas unternehmen dauert es meist nur ein paar Minuten bis eine von uns sagt: \u201eWollen wir was essen?\u201c Und die Antwort ist ganz klar immer ja. Doch nicht nur unser Pastaherz schl\u00e4gt im selben Takt, auch unser Schlafrhythmus. Wir lieben es lange zu schlafen und ein guter Mittagsschlaf steht an der Tagesordnung. Was unser Make-up betrifft, sind wir schon ein perfekt eingespieltes Team. Wir teilen einfach alles, egal ob Pinsel oder Lipgloss. Mittlerweile wissen wir genau was der anderen steht und was sie mag. Nach fast 6 Jahren Freundschaft ist das auch kein Wunder mehr. Wir kennen uns in und auswendig &#8211; von der Lieblingsnudelsorte \u00fcber Schlafgewohnheiten bis hin zum Make-up.<\/p>\n<p><img loading=\"lazy\" decoding=\"async\" src=\"https:\/\/journalismus.pestalozzi.at\/wp-content\/uploads\/2026\/03\/IMG_9199-4-300x225.jpeg\" alt=\"\" width=\"300\" height=\"225\" class=\"alignnone size-medium wp-image-1133\" srcset=\"https:\/\/journalismus.pestalozzi.at\/wp-content\/uploads\/2026\/03\/IMG_9199-4-300x225.jpeg 300w, https:\/\/journalismus.pestalozzi.at\/wp-content\/uploads\/2026\/03\/IMG_9199-4-1024x768.jpeg 1024w, https:\/\/journalismus.pestalozzi.at\/wp-content\/uploads\/2026\/03\/IMG_9199-4-768x576.jpeg 768w, https:\/\/journalismus.pestalozzi.at\/wp-content\/uploads\/2026\/03\/IMG_9199-4-1536x1152.jpeg 1536w, https:\/\/journalismus.pestalozzi.at\/wp-content\/uploads\/2026\/03\/IMG_9199-4-2048x1536.jpeg 2048w, https:\/\/journalismus.pestalozzi.at\/wp-content\/uploads\/2026\/03\/IMG_9199-4-1140x855.jpeg 1140w\" sizes=\"(max-width: 300px) 100vw, 300px\" \/><\/p>\n<p>Aufmerksamkeit f\u00fcr das Ungesagte<br \/>\nIch lebe oft zwischen den Zeilen.<br \/>\nIch denke nicht viel nach, bevor ich etwas sage.<br \/>\nMich interessiert nicht nur, was man sieht, sondern auch das, was dahinter liegt.<br \/>\nIch h\u00f6re genau zu und lasse mir Zeit, Dinge zu verstehen.<br \/>\nIch muss nicht leise sein, um da zu sein.<br \/>\n Tiefe ist f\u00fcr mich nichts Besonderes \u2013 sie geh\u00f6rt einfach zu mir.<br \/>\nIch muss nicht im Mittelpunkt stehen, um pr\u00e4sent zu sein.<br \/>\nN\u00e4he entsteht f\u00fcr mich durch ehrliches Interesse und spannende Gespr\u00e4che.<br \/>\nIch mag klare Gedanken und echte Gef\u00fchle.<br \/>\nTanya<\/p>\n<p>Ivana<br \/>\nIvana ist 16 Jahre alt und hat braune Haare, die sie schon \u00f6fters gef\u00e4rbt hat. Sie ist eine offene, freundliche und manchmal verr\u00fcckte Person, mit der man gerne Zeit verbringt. Nach der Schule trifft sie sich oft mit ihren Freunden. H\u00e4ufig gehen sie zusammen Billard spielen, was ihr besonders Spa\u00df macht, oder sie unternehmen etwas anderes Lustiges. Dabei lacht sie viel, da sie viele \u201cInside Jokes \u201c haben.<br \/>\nMusik spielt in ihrem Alltag eine gro\u00dfe Rolle. Sie h\u00f6rt sie beim Entspannen, unterwegs oder einfach, um sich gute Laune zu machen. Besonders gerne zeichnet sie, worin sie auch sehr talentiert ist.<br \/>\nInsgesamt ist Ivana ein lebensfroher und kreativer Mensch, der sehr hilfsbereit ist und anderen immer zuh\u00f6rt.<\/p>\n","protected":false},"excerpt":{"rendered":"","protected":false},"author":1,"featured_media":1136,"parent":0,"menu_order":0,"comment_status":"closed","ping_status":"closed","template":"","meta":{"footnotes":""},"_links":{"self":[{"href":"https:\/\/journalismus.pestalozzi.at\/index.php\/wp-json\/wp\/v2\/pages\/1072"}],"collection":[{"href":"https:\/\/journalismus.pestalozzi.at\/index.php\/wp-json\/wp\/v2\/pages"}],"about":[{"href":"https:\/\/journalismus.pestalozzi.at\/index.php\/wp-json\/wp\/v2\/types\/page"}],"author":[{"embeddable":true,"href":"https:\/\/journalismus.pestalozzi.at\/index.php\/wp-json\/wp\/v2\/users\/1"}],"replies":[{"embeddable":true,"href":"https:\/\/journalismus.pestalozzi.at\/index.php\/wp-json\/wp\/v2\/comments?post=1072"}],"version-history":[{"count":8,"href":"https:\/\/journalismus.pestalozzi.at\/index.php\/wp-json\/wp\/v2\/pages\/1072\/revisions"}],"predecessor-version":[{"id":1143,"href":"https:\/\/journalismus.pestalozzi.at\/index.php\/wp-json\/wp\/v2\/pages\/1072\/revisions\/1143"}],"wp:featuredmedia":[{"embeddable":true,"href":"https:\/\/journalismus.pestalozzi.at\/index.php\/wp-json\/wp\/v2\/media\/1136"}],"wp:attachment":[{"href":"https:\/\/journalismus.pestalozzi.at\/index.php\/wp-json\/wp\/v2\/media?parent=1072"}],"curies":[{"name":"wp","href":"https:\/\/api.w.org\/{rel}","templated":true}]}}